
Let j(i) = i**2 + 3. Let k be (-2)/6 + (-32)/(-6). Suppose v + 2*z - k = 0, -5*v - z - 2*z - 3 = 0. What is the tens digit of j(v)?
1
Let m = -4 - -4. Let t = 1 - m. Let s = t + 8. What is the units digit of s?
9
Let l = 11 + -7. Suppose 0 = -2*s + 3*q - 6*q + 16, 2*s - 20 = -l*q. Suppose 11 = 5*c + h, s*h - 3 = -1. What is the units digit of c?
2
Let f(u) = u**2 + 18*u + 1. What is the tens digit of f(8)?
0
What is the tens digit of (-4)/6 - 352/(-6)?
5
Let n be 3/(9/15) + 0. Suppose -n*p - 14 = -124. What is the units digit of p?
2
Suppose 6*d - 20 = -2. Suppose -d*y - l = l - 141, -y + 3*l = -36. What is the units digit of y?
5
Let w = 61 - 23. What is the units digit of w?
8
What is the tens digit of -2 + -3*346/(-6)?
7
Let a be (0 - -7) + (8 - 9). Let o = -10 + a. What is the units digit of (-3 - -5)*(-6)/o?
3
Let g(o) = 2*o + 2. Suppose 5*i - 30 = 5*d, 4*i - 2*d - 13 = 5. What is the units digit of g(i)?
8
Let r = 202 + -64. What is the hundreds digit of r?
1
Suppose -3*q + 9*q - 1962 = 0. What is the hundreds digit of q?
3
Let l(a) be the third derivative of -a**6/120 - a**5/30 + a**4/8 - a**3 - a**2. What is the tens digit of l(-4)?
1
Suppose -25 = f - 4*b, 0*f + b = f + 13. Let s = f - -14. Suppose 0 = -0*r - s*r + 2*o + 13, 4*o = r + 1. What is the units digit of r?
3
Let a be ((-10)/(-3))/((-2)/24). Let k = -22 - a. What is the tens digit of k?
1
Let y(h) = -h**2 + 4. Let x be y(0). Suppose x + 0 = b. Suppose 27 = b*i - 13. What is the tens digit of i?
1
Let y(d) = -d**2 + 17*d - 21. What is the units digit of y(15)?
9
Let o(i) = -i**3 - 3*i**2 + 2*i + 1. Let d be o(2). Let m be 130/d + (-2)/6. Let t = -7 - m. What is the units digit of t?
2
Suppose 5 = k - 2. What is the units digit of k?
7
Suppose -2*x + 64 = 2*o, 0 = -5*o + o - 3*x + 128. What is the tens digit of o?
3
Suppose y + t + 3*t - 14 = 0, -5*y = -2*t - 26. Let b be (-2)/(-6) - (-118)/y. Let l = b + -13. What is the units digit of l?
7
Suppose 0 = 3*c - 9. Suppose -c*d - 5*h - 12 = 0, 4*h - h = -d - 8. What is the units digit of d?
1
Suppose -t + 9*t - 1256 = 0. What is the hundreds digit of t?
1
Suppose 4*d + 33 = -5*t - 0*t, 0 = t + 2*d + 9. Let m = -44 - -38. Let l = t - m. What is the units digit of l?
1
Suppose 13*j = 9*j + 1268. What is the units digit of j?
7
Let w = 85 + -58. Let r = w - 15. What is the tens digit of r?
1
Let s(f) = -f**2 - 15*f - 11. Let d be s(-14). Suppose -5*j - 3*r - r = -93, -d*j = r - 53. What is the tens digit of j?
1
Let j(l) = l**2 + 4*l - 8. Let t(x) = 4*x**2 - 2. Let z be t(2). Suppose z = -f - f. What is the tens digit of j(f)?
1
Let h = 16 - 27. Let y = h - -29. What is the units digit of y?
8
Suppose -5*x + 5 = -0. Let w be (x/2)/(2/20). Suppose 5*l - w = 15. What is the units digit of l?
4
Let h(k) = 2*k - 7. What is the tens digit of h(17)?
2
Suppose 0 = 3*k - 3*o - 9, -3*k + 0*o = -5*o - 9. Suppose 3*y - k*n - 66 = 0, -y + 0*n = 5*n - 52. What is the units digit of y?
7
Let l(d) = 22*d + 1. Let t be l(2). Suppose -3*r - 24 = -2*v - r, -2*r - t = -5*v. What is the units digit of v?
7
Let i be (-100)/(-36) + (-4)/(-18). What is the units digit of ((-8)/2 + i)*-2?
2
Suppose -4*g + 20 = 2*b, 3*b - 5*g - 30 = -g. What is the tens digit of b?
1
Suppose 0 = 5*g + v - 138, -3*v - 45 = g - 3*g. What is the tens digit of g?
2
Suppose -10 = -4*j - 2*h + 4*h, 2*h = 2*j - 10. Let q = j + 33. What is the units digit of q?
3
Suppose -30 = -2*o + 2*l, -3*o + 0*l + 33 = l. What is the tens digit of o?
1
Let c(x) = x**3 + 5*x**2 + x + 5. Let r be c(-5). Suppose -144 = 5*q + 3*p, r*q + 5*p - 93 = 4*q. Let k = 41 + q. What is the tens digit of k?
1
Suppose 21 = 5*l + 4*a - 14, 0 = -5*a. What is the units digit of l?
7
Let p = -107 - -223. What is the hundreds digit of p?
1
What is the units digit of -2*(621/(-6))/9?
3
Suppose 6*o - 3*o = 2*d - 182, o = d - 91. What is the tens digit of d?
9
Let a = -1 + -2. Let b = -2 - a. Suppose t + b = 7. What is the units digit of t?
6
Let w(p) = -5*p - 2. Let t be w(-2). Let g = 12 - t. What is the units digit of g?
4
Suppose -5*k - 3*s - 42 = -15, 0 = -3*k - 5*s - 13. Let h be 76/18 - k/(-27). Suppose 0 = -h*t - 3 + 27. What is the units digit of t?
6
Suppose 4*x - 4*i + 6 - 2 = 0, -2*x + 5*i - 11 = 0. Suppose 6*q + 28 = x*u + 3*q, 5*q = 5*u - 60. What is the units digit of u?
8
What is the hundreds digit of (-3 + 3 + -2)*-71?
1
Let n(t) be the third derivative of t**5/60 + t**4/6 + 2*t**3/3 - t**2. What is the tens digit of n(-6)?
1
Suppose 4*h - 541 = p - 24, 4*p - 383 = -3*h. What is the tens digit of h?
2
Let i(q) = -q**3 + 10*q**2 - q - 11. Let v be i(10). Let y = v - -27. What is the units digit of y?
6
Let n(i) = 66*i + 5. What is the units digit of n(1)?
1
Suppose -27*w + 148 = -23*w. What is the units digit of w?
7
Let i(l) = l**3 - 5*l**2 + 7*l - 4. What is the units digit of i(4)?
8
Suppose -2*j = b + 8, 3*j - j = -5*b - 24. What is the units digit of (96/(-9))/b*3?
8
Let c(j) = -5*j**3 - 2*j**2 + 2*j - 2. What is the units digit of c(-3)?
9
Let q = 209 + -84. What is the units digit of q?
5
Suppose 0*y = 2*y - 16. Suppose -y = -3*r + 34. What is the units digit of r?
4
Suppose 16 = -4*x, 0*f = -4*f - 5*x + 164. What is the units digit of f?
6
Suppose -3*u + 417 = -0*u. What is the units digit of u?
9
Let o = 1 + -5. Let u be 2/(-9) + o/(-18). Let g = 5 - u. What is the units digit of g?
5
Let i = 26 + -36. Suppose -2*u + 5*u - 3 = 0. Let k = u - i. What is the units digit of k?
1
Suppose 658 = 4*l - 5*v, -514 = -4*l + 3*v + 140. What is the tens digit of l?
6
Suppose 5*c - 15 = 5. Suppose 5*y - 3*y - 6 = 0. Suppose -y*n - 8 = -c*n. What is the units digit of n?
8
Suppose 0 = p + 5*b - 42 - 12, -4*b + 228 = 5*p. What is the units digit of p?
4
Suppose -4*a - 108 = -2*a. Let z be 12/a + (-832)/(-18). Suppose -z = -4*w - 2. What is the tens digit of w?
1
Let t(b) = 135*b + 7. What is the hundreds digit of t(2)?
2
Let s = 11 - 6. Suppose 12 = -s*f - 4*r, f + 4*r = -0*f - 12. What is the units digit of (f - 4/(-6))*6?
4
Let y(d) = 4*d + 12. Let v be y(-9). Let u be (-6)/(-9) + v/9. What is the units digit of ((-8)/(-5))/(u/(-10))?
8
Let o(v) be the second derivative of -v - 1/3*v**3 - 3*v**2 + 0. What is the units digit of o(-7)?
8
Let u(r) = -6*r + 2 - r**3 + 3 + 0 + 7*r**2 - 3. What is the units digit of u(6)?
2
Let d = 33 - -9. What is the units digit of d?
2
Let p be (-3)/6 - (-30)/4. Let o(h) = h**2 - 4*h + 1. Let s be o(7). Let f = s - p. What is the units digit of f?
5
Suppose -100 = 3*a - 256. What is the units digit of a?
2
Let d = 1 - -2. Suppose -4 = -d*p + 35. What is the units digit of p?
3
Suppose -2*p = -4*h + h + 6, -3*h - 4*p - 12 = 0. Suppose 3*z = -h - 3, 0 = -y - z + 4. What is the units digit of y?
5
Suppose -5*f = 3*m - 16, 2*f - 7 = -5*m + 7. Suppose 4 = 4*q - f*q. Suppose -4*v - 3*x = -52 + 16, -2*v + 32 = -q*x. What is the units digit of v?
2
Suppose -2*b + 10 = 0, -2*i - 3*i + 4*b = 15. What is the units digit of 4/(i + -3)*-1?
2
Suppose -2*g = g - 9. Let n = -4 + g. What is the units digit of 9 - n/((-3)/(-6))?
1
Suppose -4*x - x - 5*v + 130 = 0, 76 = 3*x + 4*v. What is the tens digit of x?
2
Let r(h) = -h**2 + 7*h + 5. Let x be r(7). Let c be -2 + (1 - 2) + x. Suppose 11 = -d - 3*y, c*d - 4*y = -2*y + 18. What is the units digit of d?
4
Suppose -5 = 2*d + 1. Let l = d + 3. Suppose -2*q = -l*q - 2. What is the units digit of q?
1
Let s = 10 - 98. Let i = -63 - s. What is the tens digit of i?
2
Let v = 2 - 6. Let p = v - -8. Let w = 9 + p. What is the tens digit of w?
1
Let o(t) = 4 + 2*t - t**3 - 3*t**2 + 0*t**2 + 2*t**3. What is the tens digit of o(3)?
1
Let y be 1/2 - 3/(-2). Let k be (y*-19)/(-2) + 0. Suppose -v + 11 = 3*m, -25 = -4*v - 2*m + k. What is the tens digit of v?
1
Suppose 13 = 5*u - 87. What is the tens digit of u?
2
What is the hundreds digit of -4 + 75/20 + 401/4?
1
Suppose -4*p - 4*a + 512 = 0, 4*p + a + a = 512. Suppose 3*z - p = -z. What is the tens digit of z?
3
Let c(l) = -11*l + 74. What is the hundreds digit of c(-7)?
1
Let d(b) = -b**3 + 7*b**2 - 5*b - 4. Let q be d(6). Suppose -q*l - 2 = -3*l. What is the units digit of 4*(l/4)/1?
2
Suppose -4 = 2*g - 0. Let z be (-9)/(-6)*g + 3. What is the units digit of (3 - (-2)/(-2)) + z?
2
Suppose -7*i = 